-5)?
-2437
Let m(x) = 3189*x**2 - 181773*x - 35. Calculate m(57).
-35
Let r(k) = -45309*k - 1359297. Give r(-30).
-27
Let u(x) = -x**3 + 63769*x**2 - 2039580*x - 128. Give u(32).
0
Let r(u) = 2*u**3 + 136*u**2 + 583*u + 4540. Determine r(-64).
-4
Let b(d) = 392*d + 5425. What is b(-14)?
-63
Let a(i) = 3*i**2 + 269*i - 72. Give a(0).
-72
Let x(q) = -5*q**2 - 195*q - 2723. Calculate x(-15).
-923
Let n(l) = 7*l**2 + 598*l - 13898. Calculate n(19).
-9
Let o(s) = -4*s**2 - 94*s - 318. What is o(-6)?
102
Let j(c) = c**3 + 3*c**2 - 226*c + 1163. Give j(7).
71
Let j(n) = -4*n**2 + 576*n + 1201. Determine j(147).
-563
Let b(f) = 2965*f - 20142. Determine b(7).
613
Let m(i) = -i**2 - 823*i - 57706. Determine m(-79).
1070
Let h(s) = -7*s**3 - 210*s**2 + 142*s - 31. What is h(-31)?
2294
Let i(d) = -4*d**3 + 86*d**2 + 37487*d - 788117. Determine i(21).
-8
Let o(d) = 16791*d - 503730. Give o(30).
0
Let h(v) = 67838*v**2 + 339199*v + 37. Give h(-5).
-8
Let o(w) = -w**3 + 13*w**2 + 9743*w - 117069. Give o(12).
-9
Let r(f) = 11*f**3 - 172*f**2 + 4390*f - 64277. Give r(15).
-2
Let y(q) = 5*q**3 - 119*q**2 + 10*q - 904. What is y(24)?
-88
Let x(z) = 15140*z - 1468562. Calculate x(97).
18
Let z(h) = -7*h**3 - 510*h**2 + 71*h - 165. Give z(-73).
-19
Let d(o) = 252*o - 7815. Give d(31).
-3
Let y(w) = -136*w**3 + 4*w**2 + 596*w + 591. Determine y(-1).
135
Let t(z) = 4*z**3 - 579*z**2 + 932*z - 72007. Calculate t(144).
-7
Let b(f) = 2*f**3 + 131*f**2 - 82*f - 9527. What is b(-65)?
28
Let y(j) = 1489*j + 12248. Give y(-8).
336
Let y(m) = -73*m - 3899. Give y(-53).
-30
Let s(f) = f**3 + 448*f**2 + 27066*f - 2215. Determine s(-376).
41
Let r(j) = j**2 - 10964*j - 164541. Determine r(-15).
144
Let g(c) = c**3 - 522*c**2 - 7690*c + 3748330. Give g(523).
-11
Let u(h) = -695*h + 857. Determine u(1).
162
Let u(y) = -3*y**3 - 5*y**2 - 17*y - 57. Give u(-5).
278
Let z(g) = 50*g**2 - 2*g + 309. Determine z(0).
309
Let d(b) = -2*b**2 - 651*b - 31636. Calculate d(-59).
-189
Let l(q) = q**2 + 1144*q - 192652. What is l(149)?
5
Let r(g) = -112391*g + 4832882. Calculate r(43).
69
Let h(y) = -7955*y - 7998. What is h(-1)?
-43
Let c(g) = 9*g**2 + 586*g - 2314. Determine c(-69).
101
Let x(d) = 8*d**2 - 1936*d - 13857. Give x(-7).
87
Let m(q) = 21966*q - 87880. Determine m(4).
-16
Let r(p) = 13*p**3 + 274*p**2 - 1271*p + 90. Determine r(-25).
-10
Let v(m) = 5*m**2 + 22259*m + 66728. Determine v(-3).
-4
Let z(r) = 1797*r + 291109. Determine z(-162).
-5
Let x(k) = 3*k**2 + 79659*k - 238942. Calculate x(3).
62
Let n(c) = 2*c**2 + 2462*c - 184924. Determine n(71).
-40
Let k(w) = 4*w**3 + 11*w**2 + 132*w + 710. Determine k(-5).
-175
Let s(m) = 2*m**2 - 559*m + 8602. Give s(16).
170
Let l(q) = 286*q**2 - 9575*q + 4493. Give l(33).
-28
Let r(h) = -39464*h + 868248. Calculate r(22).
40
Let o(c) = 21597*c - 259123. What is o(12)?
41
Let p(o) = -15*o**3 + 92*o**2 - 498*o + 416. Calculate p(1).
-5
Let i(g) = 4*g**3 - 54*g**2 + 14*g + 136. Give i(13).
-20
Let m(g) = -1056*g - 2672. What is m(-3)?
496
Let n(j) = -101*j**2 - 2966*j - 26716. Give n(-9).
-8203
Let v(q) = 2*q**3 + 136*q**2 + 233*q - 1653. What is v(-66)?
393
Let v(i) = -2620*i + 497811. What is v(190)?
11
Let t(s) = -55*s - 1614. Determine t(-23).
-349
Let c(l) = 886*l - 39965. Determine c(45).
-95
Let f(u) = -16590*u + 1094943. What is f(66)?
3
Let n(k) = 6696*k + 1011088. Determine n(-151).
-8
Let w(l) = -22*l + 746. Determine w(68).
-750
Let i(q) = 274*q**3 + 16*q**2 + 130*q + 121. Calculate i(-1).
-267
Let a(w) = 27*w**2 + 1374*w + 2527. Give a(-49).
28
Let c(b) = 141*b + 11242. Give c(-81).
-179
Let c(d) = 16984*d - 135778. Determine c(8).
94
Let i(y) = -11*y**3 + 22*y**2 + 242*y - 23. Determine i(8).
-2311
Let m(n) = -57544*n - 42. Calculate m(0).
-42
Let d(w) = 83*w - 850. Calculate d(7).
-269
Let p(l) = 22*l + 541. Calculate p(-28).
-75
Let c(l) = 2*l**2 - 413*l + 9736. What is c(179)?
-109
Let g(w) = 110*w**2 + 799*w - 4534. Calculate g(6).
4220
Let c(q) = 1036*q - 42542. Calculate c(41).
-66
Let u(x) = -x**2 - 15180*x - 4157375. Determine u(-279).
4
Let h(v) = -1226*v + 5143. Calculate h(4).
239
Let q(f) = f**3 + 505*f**2 + 242*f + 122207. Give q(-505).
-3
Let n(p) = -153655*p + 25045779. Determine n(163).
14
Let g(l) = -253*l - 33364. Give g(-132).
32
Let p(i) = -i**3 + 1165*i**2 - 25140*i - 132. Determine p(22).
0
Let c(o) = 6957*o + 75409. Determine c(-11).
-1118
Let f(g) = -g**3 + 11*g**2 + 34*g - 12. What is f(9)?
456
Let a(i) = i**3 - 8*i**2 + 378*i - 3102. Calculate a(8).
-78
Let u(m) = 10*m**3 + m**2 - 369*m + 2319. Determine u(6).
2301
Let h(v) = -v**3 + 58*v**2 + 86*v + 120. What is h(60)?
-1920
Let c(p) = p**3 + 106*p**2 + 316*p + 1274. What is c(-103)?
553
Let t(f) = -f**3 - 272*f**2 - 632*f - 24751. Determine t(-270).
89
Let b(s) = -58416*s - 408919. Determine b(-7).
-7
Let p(t) = -9*t**3 + 6085*t**2 - 406*t - 182515. What is p(676)?
5
Let r(l) = 219*l + 196633. Determine r(-898).
-29
Let q(a) = a**2 + 177*a + 546. What is q(0)?
546
Let r(y) = 14131*y + 3928424. Give r(-278).
6
Let i(n) = -11*n**3 + n**2 - 13*n + 6. Determine i(1).
-17
Let u(d) = -6*d**2 + 1892*d + 260618. Determine u(419).
0
Let z(w) = 12870*w + 35997. Determine z(-3).
-2613
Let n(o) = 85316*o + 426572. Calculate n(-5).
-8
Let q(z) = 2*z**3 - 24*z**2 - 173*z + 2122. Determine q(12).
46
Let m(b) = -2*b**3 - 36*b**2 + 197*b - 141. Give m(7).
-1212
Let c(d) = -241*d**2 + 1142*d + 1376. Calculate c(-1).
-7
Let m(u) = 1531162*u + 7655798. What is m(-5)?
-12
Let k(c) = 498*c + 13141. Calculate k(-26).
193
Let c(b) = 8*b**3 + 201*b**2 + 248*b - 854. Give c(-3).
-5
Let i(u) = -2*u**3 + 100*u**2 - 289*u + 318. Give i(47).
-11
Let w(b) = 71*b**3 - 2837*b**2 - 190*b + 2801. What is w(40)?
1
Let w(s) = 27*s + 1551. Calculate w(-37).
552
Let l(s) = -201*s - 18115. What is l(-90)?
-25
Let a(n) = n**3 - 91*n**2 + 588*n + 291. What is a(84)?
291
Let n(m) = -m**3 + 98*m**2 + 339*m - 7169. Determine n(101).
-3533
Let g(s) = -295*s - 46542. What is g(-162)?
1248
Let l(i) = -8*i**2 - 3006*i - 67539. Give l(-24).
-3
Let c(j) = 226*j**2 + 3140*j + 2497. Determine c(-13).
-129
Let s(h) = 7954*h + 17148810. Determine s(-2156).
-14
Let x(i) = -34*i**3 - i**2 + 16*i + 28. Give x(-3).
889
Let w(q) = q**2 + 5347*q + 180615. Calculate w(-34).
-27
Let s(b) = b**3 - 79*b**2 + 251*b + 5471. Give s(11).
4
Let p(x) = x**3 - 12*x**2 - 117*x + 88. Give p(19).
392
Let i(s) = 6869*s - 92667. Calculate i(14).
3499
Let u(j) = 18562*j + 222545. Give u(-12).
-199
Let m(d) = d**3 + 5*d**2 - 46*d + 35. What is m(-10)?
-5
Let x(c) = 62*c**2 + 10221*c - 1008. What is x(-165)?
477
Let h(p) = -p**3 + 10*p**2 + 9*p - 422. What is h(8)?
-222
Let o(z) = -1794*z + 16006. Give o(9).
-140
Let w(q) = 35*q - 909. Calculate w(20).
-209
Let y(h) = 412804*h - 9494523. Determine y(23).
-31
Let l(s) = -1899*s + 123419. Calculate l(65).
-16
Let v(p) = 109*p**3 + 3380*p**2 + 47*p + 480. What is v(-31)?
-16
Let b(t) = 532*t**3 + 3728*t**2 + 33*t + 32. Calculate b(-7).
-3
Let p(l) = 4*l**2 - 12*l - 145. Calculate p(12).
287
Let z(d) = -6*d**3 + 2*d**2 + 2613*d - 2616. What is z(1)?
-7
Let s(g) = -2387*g + 2907. Determine s(2).
-1867
Let t(f) = -24*f**2 - 300*f + 2686. Determine t(6).
22
Let v(c) = -20573*c - 493704. What is v(-24)?
48
Let b(i) = 2746*i + 2048. Calculate b(-1).
-698
Let v(b) = -2*b**3 + 46*b**2 - 290*b - 19. Give v(12).
-331
Let d(m) = -2491*m - 20061. Calculate d(-8).
-133
Let c(j) = -22932*j + 1559387. What is c(68)?
11
Let v(c) = -6*c**3 + 11*c**2 + 64*c - 256. Determine v(3).
-127
Let j(z) = -2*z**3 - 132*z**2 + 710*z + 9. What is j(-71)?
9
Let i(z) = 2966*z + 53382. What is i(-18)?
-6
Let v(p) = -p**3 - 681*p**2 + 24533*p + 159457. Give v(-715).
12
Let c(j) = 3*j**2 + 42*j - 132. Give c(-23).
489
Let p(w) = -171*w**3 + 35227*w**2 - 209*w + 513. What is p(206)?
-105
Let s(m) = -22*m**2 - 173*m + 5336. Determine s(-20).
-4
Let v(x) = -2*x**3 - 11*x**2 + 267*x + 323. What is v(-14)?
-83
Let s(q) = q**2 - 422*q - 87237. Determine s(574).
11
Let t(q) = -q**2 + 22171*q - 6259124. What is t(286)?
-14
Let r(a) = 2*a**3 + 71*a**2 + 209*a + 188. Give r(-33).
-1264
Let q(d) = -d**3 - 45*d**2 - 42*d + 224. What is q(6)?
-1864
Let i(g) = 2*g**2 - 65*g + 944. Give i(18).
422
Let p(c) = -c**3 + 76*c